me factors of s(-2)?
3, 137
Suppose -2*w - 19 = 79. Suppose 0 = 8*s - 45 - 659. Let b = s - w. What are the prime factors of b?
137
Let n(t) = t**3 + 43*t**2 + 55*t - 81. Let w be n(-42). Let x = w - -1373. List the prime factors of x.
2, 373
Let s(m) = 4*m - 17. Let p be s(5). Suppose 0 = p*y - 21 + 6. Suppose -5*r + j + 329 = -158, 0 = -y*r - 3*j + 499. What are the prime factors of r?
2, 7
List the prime factors of (-11704)/(-14)*((-732)/40)/(4/(-10)).
3, 11, 19, 61
Let l(u) = 3*u - 14. Let r be l(8). Suppose -31 = 4*v + 5*w, -3*w + r = -w. Let q(p) = -p**2 - 17*p + 8. List the prime factors of q(v).
2, 5
What are the prime factors of (-224)/64*(-23388)/7?
2, 3, 1949
Let t = 21640 - 2981. What are the prime factors of t?
47, 397
Suppose 2*s - 48050 = -4*i, 85*s - 3*i = 82*s + 72075. What are the prime factors of s?
5, 31
Let a(r) = 288*r**2 - 4*r + 3. Let k be a(1). Suppose -3*g + 3*y = -282, 3*g - k = -5*y + 3. What are the prime factors of g?
5, 19
Let i = 153 - 49. Suppose 546 = 5*w - i. What are the prime factors of w?
2, 5, 13
Let p = -52485 + 119798. List the prime factors of p.
83, 811
Let k = 15268 + -9632. List the prime factors of k.
2, 1409
Suppose 3*r + 9 = 0, 4*x - 72314 = -2*r + 6260. What are the prime factors of x?
5, 3929
Suppose 2*d = -4*a + 37122, -d - 29*a + 34*a + 18603 = 0. What are the prime factors of d?
3, 41, 151
Let o(z) = -4*z**3 + 52*z**2 - z - 5. Suppose -15*i - 2*r = -16*i + 8, -2*r - 2 = 0. List the prime factors of o(i).
997
Let o = -282 - -288. What are the prime factors of 450/(-20)*(-2 + o/(-3))?
2, 3, 5
Let r(w) = 48*w**3 - 4*w**2 - 3*w - 33. Let f be r(-4). Let t = -1578 - f. What are the prime factors of t?
1579
Let n = 5390 + -3105. What are the prime factors of n?
5, 457
Suppose -3*s = 4*h - 45, h + h - 17 = -s. Suppose 0 = 7*g + s*g - 7776. List the prime factors of g.
2, 3
Let z be 3 + 5/(-15)*-3. Suppose -441 = -o - 4*m, o = 6*o - z*m - 2157. Suppose 3*p - o = -2*y - 3*y, -4*y - 3*p + 344 = 0. List the prime factors of y.
89
What are the prime factors of (-21 + -3 - -12) + 21 - -34187?
2, 83, 103
Suppose -44 = -c + 28. Let l = c - 158. Let g = 26 - l. What are the prime factors of g?
2, 7
Let d(p) = p + 27. Let q be d(-30). List the prime factors of 312 + -3*(q - -1).
2, 3, 53
What are the prime factors of 9 - (11 - (3 + 15515))?
2, 3, 431
What are the prime factors of (-4*(-2)/(-8))/((-17)/469659)?
3, 9209
Let j be (4 - 75/21) + 51/(-21). Let a be (j + 2)*(11 - 10). Suppose 39 = 3*s + 4*h, -2*s + 2*h + a = -12. What are the prime factors of s?
3
Let c = -39343 - -92912. List the prime factors of c.
53569
What are the prime factors of (4/(-5))/((-21)/213570)?
2, 3, 113
Suppose 0 = -4*s - 2*d - 210, -3*s - 170 = d - 2*d. What are the prime factors of (7 + 407/s)/(1/(-1105))?
2, 13, 17
Suppose 6436*a - 125151 = 6423*a. What are the prime factors of a?
3, 3209
Suppose -7*d + 2*d = 4*u - 20668, 10352 = 2*u - 2*d. What are the prime factors of u?
2, 3, 431
What are the prime factors of -3*(-176 + 1/9*-21)?
5, 107
Suppose -3*r = -i, 1 = -3*r + 7. Suppose -63 = -n - i*n. What are the prime factors of -327*(6/n)/(-1)?
2, 109
Let h = -1099 + 5770. List the prime factors of h.
3, 173
Suppose -23282 = -q - 5*k, 98463 = -7*q + 3*k + 261171. What are the prime factors of q?
3, 7, 41
Suppose 2*i = 4*n + 14 - 20, -2*i = n - 4. Let r be ((-36)/6 - -10) + (i - 1). Suppose -r*h + 11*h - 224 = 0. What are the prime factors of h?
2
Let q(a) = 72*a - 43. Let y be q(-2). What are the prime factors of (-22)/y - (-24816)/34?
2, 5, 73
Let t = -863 + 1287. Let w = 572 - t. List the prime factors of w.
2, 37
Suppose -5*n + b - 21 = 0, 2*n = -n + 3*b - 15. Let l be -1*(-6)/n - (-3342)/4. Suppose y = 5*k - l, 478 + 12 = 3*k + 2*y. List the prime factors of k.
2, 83
Suppose y = 2*o - 14, 0*y = 2*y + 2*o + 4. Let g = 91 + y. Suppose -211 = -4*w + g. List the prime factors of w.
2, 37
Suppose 2958262 = 107*y + 1032155. List the prime factors of y.
47, 383
Suppose -93*s = -91*s - 10. Suppose 0 = s*f + 500 + 120. What are the prime factors of -2*1/2*f?
2, 31
Let d = -76242 - -137535. What are the prime factors of d?
3, 20431
Let d(b) = b**3 + 11*b**2 - 27*b - 5. Let v be d(-13). Let q(y) = 4*y**2 + 3*y - 5. What are the prime factors of q(v)?
5, 11
Suppose 0 = 3*x - 3*c - 63966, c = -526 + 533. List the prime factors of x.
7, 11, 277
Let l be 930 - 4/8*2. Let b = l + -554. What are the prime factors of b?
3, 5
Suppose -2*f + 5 = 7. Let l be f/((-12)/16 - -1). What are the prime factors of 70/l*28/(-35)?
2, 7
Suppose -2*a = 3*k - 25187, 6*a - 62960 = a - 5*k. List the prime factors of a.
12589
Let j(b) = -6*b - 1. Let t be j(-2). Let x(f) = -66*f - 257. Let i be x(-4). Suppose -t*w + 4374 = i*w. List the prime factors of w.
3
Suppose -3795 = -3*m + 2*j + 5134, 4*m - 11872 = -4*j. What are the prime factors of m?
3, 991
Let x(s) be the second derivative of s**3/6 + 7*s**2/2 - 3*s. Let w be x(-15). Let n(a) = a + 26. List the prime factors of n(w).
2, 3
Suppose 0 = 3*k + 10 - 64. Suppose 27*q = k*q + 3105. List the prime factors of q.
3, 5, 23
Let o be (-5)/3 - 116/(-12). Suppose 0 = 2*q - 2*c - 12, -5*c + 6 = -4*q + o*q. Let y(g) = g**3 + 6*g**2 + 2*g - 9. What are the prime factors of y(q)?
3, 53
Suppose -4*x + 8 = 24. What are the prime factors of (-31570)/(-44) + (-2)/x?
2, 359
Let w(s) = 377*s - 1. Let h be w(9). Suppose 4*z - 2714 = -3*y, -5*z = -3*y + 7*y - h. List the prime factors of z.
2, 5, 17
Suppose m + 2*p - 13317 = 0, -41 + 26 = 3*p. List the prime factors of m.
13327
Let j(w) = -1833*w + 57835. What are the prime factors of j(0)?
5, 43, 269
List the prime factors of (-194)/(-4753)*7/2 + (-146859)/(-7).
2, 5, 1049
Let o(c) be the third derivative of c**4/8 + 37*c**3/6 + 22*c**2. Let g be o(-3). Suppose 0 = 19*d - g*d + 126. What are the prime factors of d?
2, 7
Let l = 4682 + -3331. What are the prime factors of l?
7, 193
Let g(t) = -t**2 - 5*t - 12. Let a be g(-7). Let y be ((-40)/(-10))/((8/a)/(-2)). Let m = 36 + y. List the prime factors of m.
2, 31
Let k(a) = 57*a**2 + 2*a + 6. Let t(n) = 73*n**2 + 3*n + 5. Let l(q) = 4*k(q) - 3*t(q). Let x(p) = 3*p + 2. Let m be x(-2). What are the prime factors of l(m)?
157
Let n = 102424 - 61387. What are the prime factors of n?
3, 13679
Let j(c) = -16*c + 21. Let q(n) = -46*n + 63. Let a(r) = -7*j(r) + 2*q(r). Let i = -10 - -16. What are the prime factors of a(i)?
3, 11
Let h(d) be the second derivative of 853*d**5/20 - d**4/12 + d**3/6 + d**2 - 22*d - 1. What are the prime factors of h(1)?
3, 5, 19
Let x = 79 - 52. What are the prime factors of 16/72 + (5205/x - 0)?
193
Suppose 17 = -0*x - 3*x + 4*q, -4*q = -4*x - 20. Let r be (5 - 2) + (5 + x - 1). Suppose r*i - 60 = 3*i. What are the prime factors of i?
2, 3, 5
Let i = -9284 + 17966. What are the prime factors of i?
2, 3, 1447
Let n = 158 - 160. List the prime factors of (6 - (12 + n)) + 340.
2, 3, 7
Let p be (24/10)/(16/440). Suppose 0 = -p*n + 76*n - 11950. List the prime factors of n.
5, 239
Let f be -2 + 3 + 343 + 0. Suppose 4*r + k = 1478, 2*k - 22 - f = -r. What are the prime factors of r?
2, 5, 37
Suppose -9*q + 12*q - 1674 = -3*c, 0 = 5*c - 4*q - 2763. Let f = c - 222. What are the prime factors of f?
3, 37
Suppose -7*x + 27584 = 25*x. Suppose 0 = 6*t - x - 326. List the prime factors of t.
2, 3, 11
Suppose 0 = -3*p + 5*j + 4076, 1422 + 1266 = 2*p + 4*j. Suppose 265 = x + 5*o, 5*x - o = o + p. Suppose 0 = -19*w + 18*w + x. What are the prime factors of w?
2, 3, 5
Let f(w) = -w**2 - 16*w + 49. Let q(s) = -s**2 - 15*s + 48. Let a(b) = 5*f(b) - 6*q(b). Let v be 5 + -26 + 4 + 0 + 2. What are the prime factors of a(v)?
2
Let x(w) = w**3 + 4*w**2 - 13*w + 38. What are the prime factors of x(10)?
2, 3, 109
Suppose 324 = 4*v + 344. Let u(a) = -10*a**3 - 2*a**2 - 13*a - 31. What are the prime factors of u(v)?
2, 617
Suppose -1639*v + 1020 = -1629*v. What are the prime factors of v?
2, 3, 17
Let f(w) = -9*w**2 + 1244*w + 16. List the prime factors of f(39).
34843
Let z be 6/(-21) + 5/105*111. Suppose z*b + 520 = 4*q - 2*q, -3*q - b + 814 = 0. List the prime factors of q.
2, 3, 5
Let w = 9625 - 3472. What are the prime factors of w?
3, 7, 293
List the prime factors of ((-1 - 4) + (-11 - 624))*48/(-15).
2
Suppose -157*a = -